 v(d). Let a(r) = r**3 - 10*r**2 + 10*r - 5. Let z be a(9). Suppose 7*c - 39 = -z. Determine i(c).
15
Let v(f) = -f**3 + 7*f**2 - 3*f - 11. Suppose 0 = -l + 7, 49*r + 50 = 48*r + 8*l. Give v(r).
7
Suppose 0 = -7*r - 31*r - 266. Let m(t) = -5*t**2 - 37*t - 7. Give m(r).
7
Let a(s) be the third derivative of s**6/60 + s**5/60 + s**4/24 + s**3/6 - 444*s**2. Suppose -4*x = 4*k - 44, 3 = 3*k + x - 24. Let j = k + -10. Calculate a(j).
-13
Let k(i) = i**3 + 2*i**2 + 1. Let a(b) = -4*b**3 - 2*b**2 - 2*b - 1. Let f(y) = 2*y**2 + 7*y + 5. Let q be f(-3). Let w(z) = q*k(z) + a(z). What is w(2)?
-11
Let n(j) = -j - 13. Let q = -34 + 56. Suppose -7*t = -6 - q. Let v be 1/t - ((-1)/(-1))/4. Give n(v).
-13
Let p(u) = u**2 + 2*u. Let a(v) = -2*v**2 - 2*v + 1. Let s(d) = 2*a(d) + 3*p(d). Let m(x) = -x**3 + 52*x**2 + 107*x + 2. Let z be m(-2). Give s(z).
-6
Let q(l) = -l**2 - 8*l + 3. Suppose 2*w - 18 = -w - 3*i, -3 = 4*w - 5*i. Let d be 3 - w/(-1)*(-2)/(-6). Suppose 5*j = -5*k - 15, j - 4 = -d*k + 8. Give q(j).
3
Let p(u) be the first derivative of -u**2 + 1. Let v(a) = -2*a - 27. Let d(t) = 2*t**2 - 37*t + 4. Let y be d(18). Let z be v(y). Determine p(z).
-2
Let n(h) be the second derivative of h**4/12 - 17*h**3/3 + 65*h**2/2 - 5135*h + 1. Calculate n(2).
1
Let o(m) be the second derivative of -19*m**7/840 - m**5/120 - 49*m**3/3 + 5*m. Let g(u) be the second derivative of o(u). Determine g(-1).
20
Let i(t) be the third derivative of -t**6/60 + 3*t**5/20 - t**4/24 + t**3/3 + 1214*t**2. Give i(4).
14
Let a(w) = w**2 - 15*w + 39. Let k be 10 - -10*(-22)/(-220). Give a(k).
-5
Let d(g) be the third derivative of g**4/12 + 5*g**3/2 - 18*g**2 + 38. Determine d(-9).
-3
Let f(b) = -b**2 + b - 2. Let s(x) be the third derivative of -x**5/20 + x**4/8 - x**3/6 - 167*x**2. Let i(y) = -2*f(y) + s(y). Calculate i(-3).
-9
Let y(a) = 223*a - 311. Let p(x) = -33*x + 44. Let o(g) = 20*p(g) + 3*y(g). Calculate o(6).
1
Let k(y) = 61*y**2 + 0 - 4*y - 2 + 13*y**2 + 5 - 8. What is k(-1)?
73
Let d be -2 - 2/2*-7. Suppose 5*l - 1 = 5*w + 24, -d*l + w + 9 = 0. Let p(c) = c - 1104 + 2206 - 1102 + 2*c. Give p(l).
3
Suppose 4*l = -1590*t + 1589*t - 36, 3*l + 36 = -3*t. Let y(f) be the second derivative of -f**4/6 - 7*f**3/6 + f**2 + f. Give y(t).
-2
Let z(x) = -x**2 - 17*x + 8. Suppose y - l = -13, 5*y - 2*l - 91 = -168. Determine z(y).
8
Suppose -3 + 16 = -g. Suppose -3*s - 56 = 4*u, -467*s + 463*s + 33 = -u. Let k = g - u. Let h(z) = -z**2 + 6*z - 2. What is h(k)?
6
Let g(m) = 0 - 1796*m + 1803*m + m**3 + 4*m**2 + 5. Determine g(-4).
-23
Let x be (1 + 187)/2 + 4. Let j = -109 + x. Let l(i) = i**2 + 12*i + 5. Calculate l(j).
-6
Let m(y) = -y**3 + 8*y**2 + 19*y + 4. Let t = -99 - 0. Let k be 4/(-36)*-2 + (-968)/t. Give m(k).
-6
Let u(k) = -3*k + 2. Suppose 0 = -89*w + 85*w + 6300. Suppose w = -10*z + z. Let y be (7/(z/20))/(4/(-10)). What is u(y)?
-4
Suppose -5*x = -134 - 96. Let m = x + -49. Let w(v) = 225*v**2 - 226*v**2 + 2 + 6*v - 10*v. Give w(m).
5
Let a be ((-32)/3)/(-4) + 2/6. Let x(i) = -10*i**3 - 5*i**2 + 3*i**2 - a*i - 17*i**3 + 26*i**3. Calculate x(-2).
6
Let q(z) = 7*z**2 - 22*z + 8. Let i(m) = -2*m**2 + 2*m - 1. Let n(o) = 3*i(o) + q(o). Give n(10).
-55
Suppose -5*r - 4 = b + 1, 4*b - r - 22 = 0. Suppose -4 = -2*v - 0*v. Let i(c) = 0*c + 0*c**2 - 2*c + c**2 - v*c - 1. Give i(b).
4
Suppose -5*k = -3*l + 17, l - 2*k - 13 = -4*k. Let z be 17920/(-288) + 2/l. Let i = 63 + z. Let x(o) = 6*o**2 - o. Determine x(i).
5
Let c(q) be the first derivative of -q**4/4 - q**3 + q**2/2 + 5*q - 1. Let w(p) = -5*p + 136. Let z be w(26). Suppose z*g + 1 = -23. Determine c(g).
17
Let t(n) be the second derivative of -n**3/6 - 2*n**2 - 23513*n. Let a be 2/(-6) + (-148)/6. Let r = 15 + a. Give t(r).
6
Let k(f) = 2*f**2 + 16*f + 6. Suppose 0 = -5*q - 7809 + 7769. What is k(q)?
6
Let o(t) = -4*t - 13. Let k(b) = 20*b + 61. Let d(f) = -6*k(f) - 29*o(f). Calculate d(8).
-21
Let q be 6/9 - (-2 + 2232/(-54)). Let x(u) be the first derivative of -u**3 + 1/2*u**2 - 1/4*u**4 + q + 2*u. Give x(-3).
-1
Suppose 76*s = 68*s - 112. Let c(x) = -x**3 - 16*x**2 - 25*x + 46. Let a be c(s). Let n(j) = j**2 - 7*j + 5. What is n(a)?
-7
Suppose 0 = -q + 5*x + 20, 5*q - x - 76 = -0*x. Let b(n) = -12*n**2 - q*n**2 + 26*n**2 + 3 + 7*n. Calculate b(8).
-5
Let p(z) = -z**3 - 1 - 296097*z - 8*z**2 + 592212*z - 296105*z. Determine p(-9).
-10
Let u(p) = 5*p + 337. Let d(n) = -6*n - 391. Let c(x) = -6*d(x) - 7*u(x). Determine c(-1).
-14
Let t(d) be the third derivative of 0 + 1/6*d**3 + 14*d**2 + 1/4*d**4 + 0*d. Let f = 854 - 853. Determine t(f).
7
Let a(j) = -10*j. Let y be 3/(-21)*-14*(-10)/(-4). Calculate a(y).
-50
Let v(p) = 5*p + 4. Suppose -t = 4*k - 30, -4*k = 4*t - 0*k - 168. Let q = -50 + t. Calculate v(q).
-16
Let k(j) be the first derivative of -j**2/2 + 4*j + 1148. Determine k(-2).
6
Let t(k) be the first derivative of -40 - 1/2*k**2 + 1/4*k**4 - 23*k + 1/3*k**3. Let x(v) be the first derivative of t(v). Calculate x(-2).
7
Let k(o) = 55*o - 95. Let d(c) = -c**2 - 118*c + 2605. Let v be d(19). Calculate k(v).
15
Let q(k) = k**3 - 23*k**2 + 45*k - 3. Let w be q(2). Let f(v) be the third derivative of 0*v + 11*v**2 + 1/24*v**4 + 0 + 4/3*v**w. Give f(-6).
2
Let v = 7611 - 7644. Let i(k) = 3*k**2 + 99*k - 7. Calculate i(v).
-7
Let q = 78550 - 78556. Let g(u) be the second derivative of u**4/12 + u**3/6 - 4*u**2 + u. Give g(q).
22
Let k(u) = u**2 - 16*u + 2. Let b be k(16). Let r(f) be the first derivative of -2*f**3/3 - f**2 + 3*f - 876. Calculate r(b).
-9
Let p be 2/(-6) + (-8)/(-6). Let m(o) = -o - 1. Suppose 0 = -82*g + 103*g - 126. Let h(q) = 2*q**2 + 8*q + 6. Let k(r) = g*m(r) + p*h(r). Calculate k(-2).
4
Let o(t) = -2*t - 1. Let f = 179 - 181. Let v(a) = -1. Let s(b) = f*v(b) - o(b). What is s(-8)?
-13
Let f(i) = -2*i - 7. Let q(p) = -p - 2. Let k(w) = -2*f(w) + 8*q(w). Determine k(-2).
6
Let k(a) = 5*a**2 - 5*a - 8. Let n(x) = -13*x**2 + 13*x + 20. Let j(r) = -8*k(r) - 3*n(r). Suppose 2*p + 2*p = 8. Let q be 0/(0 + 0 + p). Give j(q).
4
Let s(m) be the second derivative of -m**4/12 + m**3/3 - m**2/2 - m. Let c(b) = -6*b - 3. Let r = 79 - 80. Let u be c(r). What is s(u)?
-4
Let a(z) be the second derivative of -z**4/6 + z**3/3 - z**2 + 11*z. Let r(x) = -x**2 - 2*x + 6. Let m be r(0). Suppose -m*c = -13 - 5. Give a(c).
-14
Let w be (1 - -2)/3 - -90. Let c be -98 + (6 - -2) - -6. Let l = c + w. Let h(f) = f**2 - 6*f - 7. Give h(l).
0
Let h be (-2 + 55/20)*(-32)/(-12). Suppose h*f = 3*o, 19*o = f + 22*o. Let b(n) = 1 + 4*n - 5*n - 2. Calculate b(f).
-1
Suppose 0 = -6*q + 18*q - 419 + 11. Let m(c) = -c**3 + 33*c**2 + 35*c - 28. Determine m(q).
6
Let k(v) = -2*v - 6. Suppose -2*d = -5*t + 20, 4*t - 8*t - 3*d + 39 = 0. Let f be (6/(-9))/(t/36). Determine k(f).
2
Let u(a) be the second derivative of -13*a**3/3 + 229*a**2/2 + 11545*a. What is u(9)?
-5
Let i(u) = -15727*u - 103*u**2 + 27 + 15711*u + 99*u**2 - 2. Calculate i(-5).
5
Let v(t) = t**3 - 22*t**2 + t - 66. Let w be v(23). Let n(g) = g**2 - 971*g + w*g - 24 + 484*g. Determine n(0).
-24
Let t(g) = 2*g**2 - 31*g - 17. Suppose 264*i - 304 = 245*i. Calculate t(i).
-1
Let n(l) = -l**3 - 5*l**2 - 2*l - 11. Let i be n(-5). Let d be i - (3 + -4 + -2). Let x(s) = -8*s + s**2 - 8*s**2 + 8*s**2 + 0*s**d + 5. Give x(5).
-10
Suppose 29 = 3*k + 2*r, 5*r = -4*k + 35 - 1. Let a(u) = 115*u - 11. Let p(z) = -633*z + 60. Let d(b) = 11*a(b) + 2*p(b). Calculate d(k).
-12
Let p(w) = -w**2 + 6. Let x be 1/(12/(-18) + (-25)/(-33)). Suppose -3*m - 4 = x, s = -3*m - 12. Suppose -3*o - 9 = 2*n - 6*o, 4*n + 9 = s*o. What is p(n)?
6
Let p(s) = -19*s**2 - 16*s - 16. Let h(v) = -42*v**2 - 30*v - 33. Let k(l) = 4*h(l) - 9*p(l). What is k(-8)?
12
Suppose 102*t - 104*t - 126 = 0. Suppose o + 3*p - 7 + 66 = 0, 5*p + 173 = -3*o. Let y = o - t. Let n(s) = s**2 - 8*s + 9. Calculate n(y).
2
Let s(r) be the third derivative of -r**4/12 + r**3/6 - 3*r**2. Let t = -7826 - -7829. What is s(t)?
-5
Let p(t) = 4*t + 16. Let k(d) = -8*d + 3*d + 0*d + 2*d - 14. Let q(b) = 3*k(b) + 2*p(b). Determine q(-5).
-5
Let r(j) = -j**3 + 10*j**2 + 2. Let f(n) = 3*n**2 - 13*n - 20. Let a be f(6). What is r(a)?
2
Let k(s) = -8*s + 45. Let f be k(6). Let w(j) = -j**2 + 7*j - 5. Let m(r) = 2*r**2 - 14*r + 10. Let u(i) = f*